((-3)/(-144)). Calculate the highest common factor of 144 and t.
36
Suppose 3*q - 4 = 5*t - 10, 3*q = 3*t. Let g(h) = -h**3 + 6*h**2 + 2*h + 3. Let c be g(q). Let r = -29 - -83. What is the greatest common divisor of c and r?
18
Suppose z + 428 = 3*d, -3*z = -4*d + 352 + 212. What is the greatest common factor of 54 and d?
18
Let j be 1*3 - (4 - -43 - 1). Let c = j - -62. Calculate the greatest common divisor of 152 and c.
19
Let i = 957 + -782. Calculate the highest common factor of i and 21.
7
Suppose 5 = -2*a - 7*l + 2*l, 3*a - 4*l = 4. Suppose a = -9*h - 3*h + 12. Let r = -3 + 4. What is the highest common divisor of h and r?
1
Suppose f = -0*f - 1. Let x be (-242)/(-22) - (0 + f). Calculate the highest common factor of x and 24.
12
Suppose 0 = 14*u - 10*u + b - 298, -81 = -u + 3*b. What is the highest common factor of 300 and u?
75
Suppose 0 = -65*o + 74*o - 99. Let l = 72 + -50. Calculate the greatest common divisor of o and l.
11
Let l be (-32)/(-3) + (-2)/(-6). Let p = l - 15. Let r be 0*p/(-16) + 30. What is the highest common factor of 45 and r?
15
Let l(k) = 29*k**2 - 2*k + 2. Let o be l(-3). Suppose 0 = 4*d - 6*d - 5*a + o, -2*d + 261 = -3*a. Calculate the greatest common factor of d and 12.
12
Let o = 9 + 7. Suppose -b + 14 = 3*a, 4*b - a = -0*b + 69. Let d = 23 + b. Calculate the greatest common factor of d and o.
8
Let d be (-5 + 22/4)*(5 - 1). Suppose 5*f - d*k - 558 = 0, 0*k - 557 = -5*f + 3*k. What is the highest common divisor of f and 14?
14
Let v be (506/(-88))/(1/(-116)). Calculate the highest common divisor of 23 and v.
23
Let a = -1993 + 2825. What is the highest common factor of 192 and a?
64
Let d be 13*(2 + -3 + 2). Let y be (26/2)/(1/5). Calculate the highest common divisor of d and y.
13
Let f be (-7)/35 + 168/15. Let t = -134 + 227. Suppose 5*m + 3*x = 8*x + 180, 3*m - t = -2*x. Calculate the greatest common divisor of m and f.
11
Let x be 2/9 - (-2690)/45. Calculate the greatest common factor of x and 96.
12
Let n be (-5)/(-15)*6 - -70. Calculate the greatest common factor of n and 16.
8
Let d(q) = -q**3 + 8*q**2 + 20*q - 3. Suppose -3*m + 5*a + 32 = 0, -10 - 21 = -3*m + 4*a. Let t be d(m). Calculate the highest common factor of t and 24.
24
Let l be 188/12 - 2/3. Let b(r) = -13*r - 3. Let m be b(-2). Let h = m + 97. Calculate the greatest common divisor of l and h.
15
Suppose -2 + 37 = 7*d. Suppose -36 = -8*z + d*z. What is the greatest common divisor of z and 9?
3
Let c be (165 - 1)*198/88. Calculate the highest common divisor of 9 and c.
9
Let k(v) = 15*v**2 + 2*v - 4. Let c be k(3). Suppose 2*m - c - 87 = 0. Suppose m = 11*z - 3*z. Calculate the highest common factor of 84 and z.
14
Let w be 1*-11 - (0 + -3). Suppose -5*n - 39 = 11. Let h = w - n. Calculate the greatest common factor of h and 3.
1
Let r(s) = 2*s**3 + 2*s**2 - s. Suppose m + 4*m - 5 = 0. Let t be r(m). Calculate the greatest common factor of t and 3.
3
Suppose 5*c - 25*m = -26*m + 635, -4*m = c - 146. Suppose 5*r - 90 = -0*r. Calculate the greatest common divisor of r and c.
18
Suppose -4*l - l + 60 = 0. Suppose 3*i - 37 = -1. Let d(p) = p**2 - 11*p - 6. Let b be d(i). Calculate the highest common factor of b and l.
6
Let z be (-2 + 1)/(4/72). Let n = 16 - 23. Let d be z/63 - 282/n. Calculate the greatest common divisor of d and 16.
8
Suppose -2*i + 0*j + 328 = -2*j, -4*i + 664 = -2*j. Calculate the highest common factor of i and 196.
28
Suppose 0 = 5*r - c - 54, 2*r + 41*c - 12 = 39*c. Let o be ((-64)/20)/((-2)/10). Let m = o + -6. Calculate the greatest common divisor of r and m.
10
Let t = 16 - -12. Let n be (36/(-16))/((-3)/20). Let z = n - 1. Calculate the greatest common divisor of t and z.
14
Suppose 2 = 3*g - 7. Suppose 2*n - 36 = -g*c, -2*n - 2*n - 8 = -2*c. Let m = -272 + 382. Calculate the highest common divisor of m and c.
10
Let p = 10 - 8. Suppose p*g = -g + 60. Suppose f - 58 - 86 = -w, -g = -5*f. Calculate the highest common factor of 20 and w.
20
Suppose -5*g - 3*q = -229, 0 = 4*g - 5*q - 98 - 63. Let l(r) = -r**3 - 4*r**2 - 2*r + 4. Let j be l(0). Calculate the greatest common divisor of g and j.
4
Suppose -5*y = -10*y. Let g = y + 1. Let u be ((-33)/(-6))/(g/2). Calculate the greatest common factor of 22 and u.
11
Let l(b) = b + 2. Let s be l(-7). Let u(g) = -g**3 - 4*g**2 + 2*g + 3. Let c be u(s). What is the highest common factor of c and 45?
9
Let z(g) = -21*g + 4. Let h be z(-6). Suppose -h - 86 = -4*l. Let n be (-1706)/(-18) - (-12)/l. Calculate the highest common divisor of 19 and n.
19
Let w(y) = 116*y - 308. Let k be w(5). What is the greatest common factor of 16 and k?
16
Suppose 278 = 4*y - 42. Calculate the highest common factor of 48 and y.
16
Suppose -3*a + 81 = 3*r + 33, 0 = r - 3*a. What is the highest common divisor of 48 and r?
12
Let c be ((-7398)/14)/(-9) + (-6)/(-21). Calculate the greatest common factor of c and 236.
59
Suppose -1 = c - 2*c. Let a be -1 - ((-7 - 0) + c). Suppose -a*d + 26 + 64 = 0. Calculate the greatest common factor of 6 and d.
6
Suppose -y = -3*j + 16, 5*y = -0*j - 3*j - 8. Suppose -3*s + j*w = -31, -w = -s - s + 14. Calculate the greatest common divisor of 10 and s.
5
Suppose 4*s - 211 = 3*l, 4*s + 0*s - 4*l - 212 = 0. Let v = 95 - s. Calculate the highest common divisor of v and 43.
43
Suppose -4*x + 12 = -k, 1 - 7 = -x + k. Let s be (70 + -35)*1/(-5)*-2. What is the highest common divisor of x and s?
2
Let y be 1 + -7 + 4 - 2. Let x = y - -28. Let q be (-2 - 0)*6/(-4). Calculate the greatest common divisor of x and q.
3
Suppose -15 - 13 = -4*a. Let f(k) = -2*k**2 + 16*k - 7. Let y be f(7). What is the greatest common factor of a and y?
7
Let p = 3 - -1. Let m be (4/(-2))/((-4)/114). Let g = -37 + m. Calculate the highest common factor of g and p.
4
Let g(f) = -f**3 + 4*f**2 - f + 7. Let n be g(4). Suppose -42 = -6*v + n*v. Calculate the highest common factor of 112 and v.
14
Suppose 120 = 16*n - 392. Calculate the greatest common divisor of 4 and n.
4
Let v(i) = -71*i**3 - 2*i**2 + i + 2. Let y be -1 + 1 - (-13 - -14). Let l be v(y). Calculate the greatest common factor of l and 14.
14
Let h be (-5 - -47) + -2 + 1. Calculate the highest common divisor of h and 1025.
41
Suppose 0 = -4*q - 4*f + 80, 3*f + 37 + 71 = 4*q. Let y = -57 + q. Let h = 27 - y. Calculate the greatest common factor of h and 24.
12
Let l = -753 + 841. What is the greatest common factor of l and 32?
8
Let r be ((-10)/3)/(3/45). Let u = 94 - r. Let g = 82 + -64. What is the greatest common factor of g and u?
18
Let h = -14 + 23. Suppose h*j = 4*j - 3*a + 29, 6 = 2*a. What is the highest common factor of j and 28?
4
Suppose -25 = -16*g + 103. Let o be 433/4 - (-1)/(-4). Let i = o + -36. Calculate the highest common divisor of g and i.
8
Suppose 11*y - 164 + 32 = 0. What is the highest common divisor of y and 12?
12
Let k(q) = q + 2. Let w be k(4). Suppose 2 = -4*p + w. Suppose 0 = -z - 2*z + 15. Calculate the highest common factor of z and p.
1
Let o = -34 - -42. Suppose 3*f = -3*r - 3 + 33, -5*r - 14 = -3*f. Calculate the highest common divisor of f and o.
8
Suppose -5*s - 3*t + 13 + 0 = 0, -3*s = 3*t - 3. Suppose 5*j = -s + 105. Calculate the highest common factor of j and 100.
20
Suppose -i - 2*n - 69 = 0, 6*i - 4*n + 177 = 3*i. Let m = i + 129. What is the highest common divisor of m and 6?
6
Let t = -173 - -75. Let h = -63 - t. Let z be ((-172)/129)/(12/(-45)). Calculate the highest common factor of h and z.
5
Let n = 42 + -47. Let t be -1 - n - 1 - (-16 + -1). Suppose 0*g + 120 = 4*g. Calculate the highest common divisor of t and g.
10
Suppose -8*s + 3*s + 4*i + 10 = 0, -i + 4 = 2*s. Suppose -5*d = 10, 0 = -z - s*d + 6*d + 34. Calculate the greatest common factor of 39 and z.
13
Suppose -2*h + 6 = 2, 5*c - 4*h - 22 = 0. Let b be 2/(-4) - (2 - 405/c). Calculate the highest common divisor of b and 5.
5
Let t be 7*(-5)/(-35)*247. Calculate the highest common factor of t and 52.
13
Let v(f) = -3*f**3 - 16*f**2 - 11*f - 28. Let p be v(-5). What is the greatest common divisor of 16 and p?
2
Let b(t) = t**3 + 15*t**2 - 38*t - 332. Let g be b(-16). Let u be ((-12)/(-15))/1*225. Calculate the greatest common divisor of u and g.
20
Let c(l) = 2*l + 32. Let h be c(-2). What is the highest common factor of 28 and h